*b - 1147. Give k(166).
181
Let u(r) = 6*r**2 + 7268*r + 58106. Give u(-8).
346
Let f(m) = m**3 - 127*m**2 - 128*m - 403. Calculate f(128).
-403
Let o(f) = -46*f**2 + 1089*f - 3265. What is o(3)?
-412
Let u(z) = 221*z**3 - 4859*z**2 - 68*z + 127. Determine u(22).
83
Let m(y) = -357*y - 130677. Determine m(-366).
-15
Let r(z) = 182*z**2 - 2715*z - 268. Determine r(15).
-43
Let g(i) = -27*i**2 + 1300*i - 137. Give g(48).
55
Let h(w) = 66*w**2 + 4*w - 1138. What is h(0)?
-1138
Let p(i) = 58524*i - 351139. Calculate p(6).
5
Let w(d) = 24*d**2 - 2343*d + 35839. Give w(19).
-14
Let d(u) = u**3 + 50*u**2 + 60*u + 2. What is d(-49)?
-537
Let v(l) = -l**2 + 128*l + 19645. Calculate v(-90).
25
Let k(g) = 225*g**2 - 310*g + 941. What is k(4)?
3301
Let g(v) = -25*v - 2129. Calculate g(-44).
-1029
Let q(n) = 37*n - 7789. What is q(215)?
166
Let d(j) = j**3 - 336*j**2 + 18620*j + 119. Give d(70).
119
Let a(s) = 64*s**2 + 878*s - 48. Give a(-14).
204
Let x(d) = 105065*d**2 + 945578*d - 53. Give x(-9).
10
Let y(d) = d**3 - 54*d**2 + 563*d - 27013. Determine y(53).
17
Let o(m) = 169*m**2 + 2707*m - 23. Calculate o(-16).
-71
Let a(s) = -2*s**3 + 50*s**2 + 2074*s + 57. Calculate a(-22).
-75
Let i(o) = 851076*o + 3404311. Calculate i(-4).
7
Let v(n) = n**3 + 173*n**2 - 179*n - 856. Calculate v(-174).
14
Let f(d) = -173*d**2 + 932*d - 22. Give f(5).
313
Let b(m) = -14*m**2 + 859*m - 4208. Give b(56).
-8
Let j(t) = t**3 - 2*t**2 + 76*t + 418. Calculate j(-5).
-137
Let n(p) = p**3 - 2*p**2 - 3899*p + 27096. Determine n(7).
48
Let h(v) = v**3 - 32*v**2 + 3637*v - 146868. Calculate h(38).
2
Let m(i) = 8*i**3 + 30*i**2 + 34*i + 20. Give m(-4).
-148
Let b(a) = 2889*a + 44316. Give b(-16).
-1908
Let w(j) = -239*j + 11310. Give w(47).
77
Let b(d) = -3*d**2 - 288*d + 18027. Give b(-139).
96
Let n(a) = a**2 - 1863*a + 14812. Give n(8).
-28
Let x(j) = -80291*j + 80312. Determine x(1).
21
Let f(q) = -32620*q + 326340. Calculate f(10).
140
Let f(y) = -y**2 + 2676*y + 53857. What is f(-20)?
-63
Let j(s) = 5*s**2 - 1089*s - 2733. What is j(221)?
803
Let w(t) = 14*t**2 - 1537*t - 26631. Determine w(125).
-6
Let y(u) = 2132*u - 46917. Give y(22).
-13
Let v(n) = 132*n**3 + n**2 - 227*n + 454. Determine v(2).
1060
Let i(t) = -t**2 + 203*t - 7428. What is i(154)?
118
Let y(t) = 52*t**2 + 2603*t + 402. What is y(-51)?
2901
Let x(v) = -2*v**3 - 30*v**2 + 116*v + 702. Give x(-17).
-114
Let j(o) = -206*o**2 + 4129*o - 194. Calculate j(20).
-14
Let n(l) = 8492*l + 49855. Calculate n(-6).
-1097
Let y(q) = -121*q**2 + 11240*q + 1211. Determine y(93).
2
Let g(i) = -13*i**3 + i**2 - 8*i - 12. Calculate g(4).
-860
Let r(j) = -1656*j + 1222118. Determine r(738).
-10
Let j(h) = 22057*h - 22022. Give j(1).
35
Let c(i) = 68*i - 4787. What is c(67)?
-231
Let i(z) = 13645*z - 3738632. Give i(274).
98
Let p(n) = -n**3 - 86*n**2 - 26*n - 2236. Calculate p(-86).
0
Let g(a) = 151*a + 2588. Calculate g(-18).
-130
Let m(h) = -85*h**2 - 21*h + 149. Determine m(4).
-1295
Let r(s) = -13089*s + 471208. Give r(36).
4
Let p(u) = 5379*u + 68626. Give p(-13).
-1301
Let t(j) = -4413*j - 53497. Calculate t(-12).
-541
Let n(j) = j**3 - 11*j**2 + 87*j - 427. Calculate n(6).
-85
Let r(p) = 11433*p + 948932. What is r(-83)?
-7
Let s(k) = 7*k**2 + 1970*k - 895140. Calculate s(-525).
-15
Let b(m) = 3*m**2 + 111*m + 914. Calculate b(-27).
104
Let n(h) = 641*h - 14019. Determine n(21).
-558
Let w(m) = 2270*m - 3981. Calculate w(2).
559
Let z(f) = -2*f**3 - 33*f**2 - 9*f + 24. Calculate z(-1).
2
Let d(h) = -5*h**2 + 1191*h + 13015. Calculate d(248).
863
Let p(f) = -f**3 - 34*f**2 + 51*f + 538. Give p(-35).
-22
Let i(s) = 574*s**2 - 23998*s - 4614. Calculate i(42).
6
Let k(s) = 2*s**2 - 517*s - 798029. Give k(774).
-35
Let l(h) = h**3 - 42*h**2 + 390*h - 4040. Determine l(34).
-28
Let z(v) = -958*v + 5746. Calculate z(6).
-2
Let m(s) = s**3 - 3*s**2 + 99*s - 476. What is m(5)?
69
Let m(s) = -3*s**2 - 415*s - 4978. What is m(-13)?
-90
Let f(j) = -34*j**2 + 1152*j + 114. Determine f(34).
-22
Let c(l) = 2*l**3 - 46*l**2 + 180*l - 10306. What is c(27)?
386
Let a(x) = -9*x**2 - 314*x + 15046. What is a(-62)?
-82
Let v(n) = 180*n**2 - 8278*n - 113. Give v(46).
-21
Let b(z) = 193*z - 127170. Determine b(659).
17
Let f(y) = -2771*y + 94156. Calculate f(34).
-58
Let d(o) = o**3 + 44*o**2 - 8*o - 240. Give d(-44).
112
Let u(k) = 388902*k**2 + 1166708*k + 8. Calculate u(-3).
2
Let f(a) = a**3 - 19*a**2 + 4430*a - 52686. Determine f(12).
-534
Let q(u) = 339*u - 870. Determine q(2).
-192
Let v(h) = -h**3 - 39*h**2 - 234*h - 305. Determine v(-32).
15
Let j(t) = 17564*t - 5708299. Give j(325).
1
Let r(l) = l**3 - 46*l**2 + 2249*l - 6382. Determine r(3).
-22
Let b(v) = 2*v**2 - 1140*v - 114668. What is b(-87)?
-350
Let x(k) = -5*k**2 - 132*k + 14099. Give x(42).
-265
Let m(s) = 143926*s + 2014965. Calculate m(-14).
1
Let h(z) = -2738*z + 19070. Calculate h(6).
2642
Let x(v) = -7*v - 212. Calculate x(-118).
614
Let b(s) = -4*s**2 - 64*s - 676. Give b(-18).
-820
Let j(y) = 2*y**3 + 25*y**2 - 810*y - 10392. What is j(-13)?
-31
Let u(p) = -2*p**3 - 48*p**2 + 291*p + 322. Give u(6).
-92
Let k(o) = 8*o**3 - 27*o**2 + 51*o - 238. Calculate k(6).
824
Let m(b) = -b**3 + 280*b**2 - 7740*b + 5222. Calculate m(249).
-7
Let o(g) = -1391*g + 72361. Calculate o(52).
29
Let o(c) = 7*c**2 - 539*c + 780. Give o(75).
-270
Let u(z) = z**2 - 51*z + 301. Determine u(17).
-277
Let a(b) = 79*b**2 - 2791*b + 5470. Calculate a(2).
204
Let d(h) = 614*h - 334. Calculate d(2).
894
Let a(c) = c**3 - 23*c**2 - 57*c + 26. Give a(24).
-766
Let b(w) = 11*w**2 - 83*w + 4. Calculate b(0).
4
Let a(l) = -561*l - 4833. Calculate a(-8).
-345
Let f(v) = -7*v**3 + 735*v**2 + 52*v - 5895. What is f(105)?
-435
Let q(a) = -a**2 - 924*a + 927172. What is q(606)?
-8
Let k(r) = r**3 - 16*r**2 - 75*r - 259. What is k(20)?
-159
Let g(z) = -3381*z + 699887. Determine g(207).
20
Let c(z) = 4*z**3 - 8*z**2 + 121*z - 211. Calculate c(2).
31
Let z(l) = l**3 - 159*l**2 + 1455*l - 15766. What is z(150)?
-16
Let x(q) = 2*q**2 - 479*q + 967. Determine x(2).
17
Let d(x) = -664*x**2 + 936*x - 1. Give d(3).
-3169
Let l(h) = -2*h**3 + 28*h**2 - 130*h - 43. Determine l(5).
-243
Let n(o) = -22899*o + 320596. Calculate n(14).
10
Let c(l) = 67*l + 770. Calculate c(-10).
100
Let t(i) = -2*i**3 - 8*i**2 + 14843*i + 44551. What is t(-3)?
4
Let t(y) = 2*y**2 + 433*y + 1717. Calculate t(-4).
17
Let a(g) = 7*g**3 + 3895*g**2 + 9413*g - 2786. Determine a(-554).
-16
Let w(b) = -2*b**3 - 11*b**2 + 18*b - 51. What is w(5)?
-486
Let c(i) = 7*i**2 - 311*i - 13950. Determine c(71).
-744
Let m(v) = -190682*v + 86. Give m(0).
86
Let q(x) = 18778*x - 1201801. Calculate q(64).
-9
Let a(s) = 220126*s - 1760992. Give a(8).
16
Let w(m) = -933*m + 13036. Determine w(14).
-26
Let p(d) = -229824*d + 689546. Give p(3).
74
Let q(z) = -9*z**2 + 688*z + 2526. Determine q(80).
-34
Let w(b) = 198914*b + 198874. What is w(-1)?
-40
Let q(f) = 3*f**3 - 71*f**2 - 2721*f + 64729. Calculate q(24).
1
Let b(q) = q**3 - 53*q**2 - 695*q + 4126. Calculate b(63).
31
Let c(o) = 3930*o + 23587. Give c(-6).
7
Let s(h) = 905*h - 6307. Calculate s(7).
28
Let u(z) = -278*z + 2201. Give u(4).
1089
Let l(m) = m**3 - 26*m**2 - 14554*m + 419547. What is l(29)?
4
Let c(o) = -783*o + 21150. Calculate c(27).
9
Let q(n) = -2*n**2 + 5895*n + 148622. Give q(-25).
-3
Let g(y) = 23*y**2 + 2218*y + 666. Determine g(-96).
-294
Let s(l) = 428*l + 65035. Give s(-152).
-21
Let y(n) = -n**3 + n**2 + 3132*n + 21903. What is y(-7)?
371
Let o(a) = -8*a**3 + 317*a**2 + 119*a + 36. What is o(40)?
-4
Let l(j) = -j**3 - 4*j**2 + 282*j - 477. Calculate l(14).
-57
Let g(w) = w**3 - 47*w**2 - 192*w + 1769. Give g(50).
-331
Let h(a) = 3*a**3 + 1490*a**2 - 1996*a - 2061. Determine h(-498).
-69
Let o(i) = 251*i**3 + 5*i**2 - 180*i + 175. Give o(1).
251
Let u(a) = -6*a**3 - 57*a**2 + 8*a + 255. Calculate u(-9).
-60
Let s(f) = 3*f**2 - 236*f - 33540. What is s(149)?
-2101
Let f(a) = -2*a**3 + 3*a**2 + 16*a - 575. What is f(0)?
-575
Let y(j) = j**3 - 132*j**2 + 2057*j - 47. Give y(18).
43
Let t(d) = -574*d + 19219. What is t(34)?
-297
Let y(t) = 23*t**2 + 1221*t + 177. Determine y(-53).
71
Let m(p) = p**3 + 31*p**2 - 119*p + 2150. What is m(-36)?
-46
Let v(s) = 22*s**3 + 43075*s**